{"id":159,"date":"2019-09-18T04:57:54","date_gmt":"2019-09-18T04:57:54","guid":{"rendered":"https:\/\/the7.io\/yoga\/?page_id=159"},"modified":"2024-11-20T10:01:04","modified_gmt":"2024-11-20T09:01:04","slug":"contact","status":"publish","type":"page","link":"https:\/\/les-petites-folies.fr\/index.php\/contact\/","title":{"rendered":"Contact"},"content":{"rendered":"<p>[vc_row full_width=\u00a0\u00bbstretch_row_content_no_spaces\u00a0\u00bb equal_height=\u00a0\u00bbyes\u00a0\u00bb content_placement=\u00a0\u00bbtop\u00a0\u00bb][vc_column width=\u00a0\u00bb1\/2&Prime; css=\u00a0\u00bb.vc_custom_1732093237545{padding-top: 170px !important;padding-right: 50px !important;padding-bottom: 170px !important;padding-left: 50px !important;background-image: url(https:\/\/les-petites-folies.fr\/wp-content\/uploads\/2024\/11\/Disco_Contact.jpg?id=1886) !important;background-position: center !important;background-repeat: no-repeat !important;background-size: cover !important;}\u00a0\u00bb][\/vc_column][vc_column width=\u00a0\u00bb1\/2&Prime; css=\u00a0\u00bb.vc_custom_1620230702162{padding-top: 50px !important;padding-right: 50px !important;padding-bottom: 50px !important;padding-left: 50px !important;background-color: #000000 !important;}\u00a0\u00bb]<div id=\"ultimate-heading-9236a08f32ad5c8f\" class=\"uvc-heading ult-adjust-bottom-margin ultimate-heading-9236a08f32ad5c8f uvc-524  uvc-heading-default-font-sizes\" data-hspacer=\"no_spacer\"  data-halign=\"left\" style=\"text-align:left\"><div class=\"uvc-heading-spacer no_spacer\" style=\"top\"><\/div><div class=\"uvc-main-heading ult-responsive\"  data-ultimate-target='.uvc-heading.ultimate-heading-9236a08f32ad5c8f h2'  data-responsive-json-new='{\"font-size\":\"\",\"line-height\":\"\"}' ><h2 style=\"font-family:&#039;Mr Dafoe&#039;;--font-weight:theme;color:#ffffff;margin-bottom:30px;\">infos contacts<\/h2><\/div><div class=\"uvc-sub-heading ult-responsive\"  data-ultimate-target='.uvc-heading.ultimate-heading-9236a08f32ad5c8f .uvc-sub-heading '  data-responsive-json-new='{\"font-size\":\"\",\"line-height\":\"\"}'  style=\"font-weight:normal;color:#ffffff;margin-bottom:30px;\"><\/p>\n<p align=\"justify\"><span style=\"font-size: medium;\">Vous pouvez nous contacter par t\u00e9l\u00e9phone ou par mail \u00e0 l&rsquo;adresse suivante : <strong><a href=\"mailto:cielespetitesfolies@yahoo.com\">cielespetitesfolies[at]yahoo.com<\/a><\/strong><\/span><\/p>\n<p>Nous vous r\u00e9pondrons dans les plus brefs d\u00e9lais. <span style=\"font-size: medium;\">Choisissez le nombre d&rsquo;artistes, le spectacle, la dur\u00e9e, vos besoins techniques. <\/span><span style=\"font-size: medium;\">Les spectacles des PETITES FOLIES s&rsquo;adaptent \u00e0 vos souhaits\u00a0!<\/span><\/p>\n<p><\/div><\/div><style type=\"text\/css\" data-type=\"the7_shortcodes-inline-css\">.dt-shortcode-soc-icons.soc-icons-cb68014edf1faece5dcac95c19426bc0 a {\n  margin-right: 10px;\n}\n.dt-shortcode-soc-icons a.soc-icons-cb68014edf1faece5dcac95c19426bc0 {\n  margin-right: 10px;\n}\n.dt-shortcode-soc-icons a.soc-icons-cb68014edf1faece5dcac95c19426bc0:last-child {\n  margin-right: 0;\n}\n.dt-shortcode-soc-icons a.soc-icons-cb68014edf1faece5dcac95c19426bc0:before,\n.dt-shortcode-soc-icons a.soc-icons-cb68014edf1faece5dcac95c19426bc0:after {\n  padding: inherit;\n}\n.dt-shortcode-soc-icons a.soc-icons-cb68014edf1faece5dcac95c19426bc0.dt-icon-border-on:before {\n  border:  solid ;\n}\n.dt-shortcode-soc-icons a.soc-icons-cb68014edf1faece5dcac95c19426bc0.dt-icon-hover-border-on:after {\n  border:  solid ;\n}\n<\/style><div class=\"dt-shortcode-soc-icons  soc-icons-cb68014edf1faece5dcac95c19426bc0 soc-icons-left \" ><style type=\"text\/css\" data-type=\"the7_shortcodes-inline-css\">.dt-shortcode-soc-icons a.single-soc-icon-98957c5ff3a9dc6795af1082b058c624 {\n  min-width: 46px;\n  min-height: 46px;\n  font-size: 24px;\n  border-radius: 100px;\n}\n.dt-shortcode-soc-icons a.single-soc-icon-98957c5ff3a9dc6795af1082b058c624:last-child {\n  margin-right: 0;\n}\n.dt-shortcode-soc-icons a.single-soc-icon-98957c5ff3a9dc6795af1082b058c624:before,\n.dt-shortcode-soc-icons a.single-soc-icon-98957c5ff3a9dc6795af1082b058c624:after {\n  min-width: 46px;\n  min-height: 46px;\n  padding: inherit;\n}\n.dt-shortcode-soc-icons a.single-soc-icon-98957c5ff3a9dc6795af1082b058c624.dt-icon-border-on:before {\n  border: 2px solid #ffffff;\n}\n.dt-shortcode-soc-icons a.single-soc-icon-98957c5ff3a9dc6795af1082b058c624.dt-icon-hover-border-on:after {\n  border: 2px solid ;\n}\n.dt-shortcode-soc-icons a.single-soc-icon-98957c5ff3a9dc6795af1082b058c624:hover {\n  font-size: 24px;\n}\n#page .dt-shortcode-soc-icons a.single-soc-icon-98957c5ff3a9dc6795af1082b058c624:hover .soc-font-icon,\n#phantom .dt-shortcode-soc-icons a.single-soc-icon-98957c5ff3a9dc6795af1082b058c624:hover .soc-font-icon,\n#page .dt-shortcode-soc-icons a.single-soc-icon-98957c5ff3a9dc6795af1082b058c624:hover .soc-icon,\n#phantom .dt-shortcode-soc-icons a.single-soc-icon-98957c5ff3a9dc6795af1082b058c624:hover .soc-icon {\n  color: #000000;\n  background: none;\n}\n#page .dt-shortcode-soc-icons a.single-soc-icon-98957c5ff3a9dc6795af1082b058c624.dt-icon-hover-bg-on:after,\n#phantom .dt-shortcode-soc-icons a.single-soc-icon-98957c5ff3a9dc6795af1082b058c624.dt-icon-hover-bg-on:after {\n  background: #ffffff;\n}\n#page .dt-shortcode-soc-icons a.single-soc-icon-98957c5ff3a9dc6795af1082b058c624:not(:hover) .soc-font-icon,\n#phantom .dt-shortcode-soc-icons a.single-soc-icon-98957c5ff3a9dc6795af1082b058c624:not(:hover) .soc-font-icon,\n#page .dt-shortcode-soc-icons a.single-soc-icon-98957c5ff3a9dc6795af1082b058c624:not(:hover) .soc-icon,\n#phantom .dt-shortcode-soc-icons a.single-soc-icon-98957c5ff3a9dc6795af1082b058c624:not(:hover) .soc-icon {\n  color: #ffffff;\n  background: none;\n}\n.dt-shortcode-soc-icons a.single-soc-icon-98957c5ff3a9dc6795af1082b058c624 .soc-font-icon,\n.dt-shortcode-soc-icons a.single-soc-icon-98957c5ff3a9dc6795af1082b058c624 .soc-icon {\n  font-size: 24px;\n}\n<\/style><a title=\"Facebook\" href=\"https:\/\/www.facebook.com\/cielespetitesfolies\"  target=\"_blank\"class=\"facebook single-soc-icon-98957c5ff3a9dc6795af1082b058c624 dt-icon-bg-off dt-icon-border-on dt-icon-hover-bg-on  \" ><i class=\"soc-icon soc-font-icon dt-icon-facebook\"><\/i><span class=\"screen-reader-text\">Facebook<\/span><\/a><style type=\"text\/css\" data-type=\"the7_shortcodes-inline-css\">.dt-shortcode-soc-icons a.single-soc-icon-958c2af7a3ac61253ca8b898d18891fe {\n  min-width: 46px;\n  min-height: 46px;\n  font-size: 24px;\n  border-radius: 100px;\n}\n.dt-shortcode-soc-icons a.single-soc-icon-958c2af7a3ac61253ca8b898d18891fe:last-child {\n  margin-right: 0;\n}\n.dt-shortcode-soc-icons a.single-soc-icon-958c2af7a3ac61253ca8b898d18891fe:before,\n.dt-shortcode-soc-icons a.single-soc-icon-958c2af7a3ac61253ca8b898d18891fe:after {\n  min-width: 46px;\n  min-height: 46px;\n  padding: inherit;\n}\n.dt-shortcode-soc-icons a.single-soc-icon-958c2af7a3ac61253ca8b898d18891fe.dt-icon-border-on:before {\n  border: 2px solid #ffffff;\n}\n.dt-shortcode-soc-icons a.single-soc-icon-958c2af7a3ac61253ca8b898d18891fe.dt-icon-hover-border-on:after {\n  border: 2px solid ;\n}\n.dt-shortcode-soc-icons a.single-soc-icon-958c2af7a3ac61253ca8b898d18891fe:hover {\n  font-size: 24px;\n}\n#page .dt-shortcode-soc-icons a.single-soc-icon-958c2af7a3ac61253ca8b898d18891fe:hover .soc-font-icon,\n#phantom .dt-shortcode-soc-icons a.single-soc-icon-958c2af7a3ac61253ca8b898d18891fe:hover .soc-font-icon,\n#page .dt-shortcode-soc-icons a.single-soc-icon-958c2af7a3ac61253ca8b898d18891fe:hover .soc-icon,\n#phantom .dt-shortcode-soc-icons a.single-soc-icon-958c2af7a3ac61253ca8b898d18891fe:hover .soc-icon {\n  color: #000000;\n  background: none;\n}\n#page .dt-shortcode-soc-icons a.single-soc-icon-958c2af7a3ac61253ca8b898d18891fe.dt-icon-hover-bg-on:after,\n#phantom .dt-shortcode-soc-icons a.single-soc-icon-958c2af7a3ac61253ca8b898d18891fe.dt-icon-hover-bg-on:after {\n  background: #ffffff;\n}\n#page .dt-shortcode-soc-icons a.single-soc-icon-958c2af7a3ac61253ca8b898d18891fe:not(:hover) .soc-font-icon,\n#phantom .dt-shortcode-soc-icons a.single-soc-icon-958c2af7a3ac61253ca8b898d18891fe:not(:hover) .soc-font-icon,\n#page .dt-shortcode-soc-icons a.single-soc-icon-958c2af7a3ac61253ca8b898d18891fe:not(:hover) .soc-icon,\n#phantom .dt-shortcode-soc-icons a.single-soc-icon-958c2af7a3ac61253ca8b898d18891fe:not(:hover) .soc-icon {\n  color: #ffffff;\n  background: none;\n}\n.dt-shortcode-soc-icons a.single-soc-icon-958c2af7a3ac61253ca8b898d18891fe .soc-font-icon,\n.dt-shortcode-soc-icons a.single-soc-icon-958c2af7a3ac61253ca8b898d18891fe .soc-icon {\n  font-size: 24px;\n}\n<\/style><a title=\"Instagram\" href=\"https:\/\/www.instagram.com\/compagnie_les_petites_folies\/\"  target=\"_blank\"class=\"instagram single-soc-icon-958c2af7a3ac61253ca8b898d18891fe dt-icon-bg-off dt-icon-border-on dt-icon-hover-bg-on  \" ><i class=\"soc-icon soc-font-icon dt-icon-instagram\"><\/i><span class=\"screen-reader-text\">Instagram<\/span><\/a><style type=\"text\/css\" data-type=\"the7_shortcodes-inline-css\">.dt-shortcode-soc-icons a.single-soc-icon-7ef2341c6f09a3488bee9c75b72d64f0 {\n  min-width: 46px;\n  min-height: 46px;\n  font-size: 24px;\n  border-radius: 100px;\n}\n.dt-shortcode-soc-icons a.single-soc-icon-7ef2341c6f09a3488bee9c75b72d64f0:last-child {\n  margin-right: 0;\n}\n.dt-shortcode-soc-icons a.single-soc-icon-7ef2341c6f09a3488bee9c75b72d64f0:before,\n.dt-shortcode-soc-icons a.single-soc-icon-7ef2341c6f09a3488bee9c75b72d64f0:after {\n  min-width: 46px;\n  min-height: 46px;\n  padding: inherit;\n}\n.dt-shortcode-soc-icons a.single-soc-icon-7ef2341c6f09a3488bee9c75b72d64f0.dt-icon-border-on:before {\n  border: 2px solid #ffffff;\n}\n.dt-shortcode-soc-icons a.single-soc-icon-7ef2341c6f09a3488bee9c75b72d64f0.dt-icon-hover-border-on:after {\n  border: 2px solid ;\n}\n.dt-shortcode-soc-icons a.single-soc-icon-7ef2341c6f09a3488bee9c75b72d64f0:hover {\n  font-size: 24px;\n}\n#page .dt-shortcode-soc-icons a.single-soc-icon-7ef2341c6f09a3488bee9c75b72d64f0:hover .soc-font-icon,\n#phantom .dt-shortcode-soc-icons a.single-soc-icon-7ef2341c6f09a3488bee9c75b72d64f0:hover .soc-font-icon,\n#page .dt-shortcode-soc-icons a.single-soc-icon-7ef2341c6f09a3488bee9c75b72d64f0:hover .soc-icon,\n#phantom .dt-shortcode-soc-icons a.single-soc-icon-7ef2341c6f09a3488bee9c75b72d64f0:hover .soc-icon {\n  color: #000000;\n  background: none;\n}\n#page .dt-shortcode-soc-icons a.single-soc-icon-7ef2341c6f09a3488bee9c75b72d64f0.dt-icon-hover-bg-on:after,\n#phantom .dt-shortcode-soc-icons a.single-soc-icon-7ef2341c6f09a3488bee9c75b72d64f0.dt-icon-hover-bg-on:after {\n  background: #ffffff;\n}\n#page .dt-shortcode-soc-icons a.single-soc-icon-7ef2341c6f09a3488bee9c75b72d64f0:not(:hover) .soc-font-icon,\n#phantom .dt-shortcode-soc-icons a.single-soc-icon-7ef2341c6f09a3488bee9c75b72d64f0:not(:hover) .soc-font-icon,\n#page .dt-shortcode-soc-icons a.single-soc-icon-7ef2341c6f09a3488bee9c75b72d64f0:not(:hover) .soc-icon,\n#phantom .dt-shortcode-soc-icons a.single-soc-icon-7ef2341c6f09a3488bee9c75b72d64f0:not(:hover) .soc-icon {\n  color: #ffffff;\n  background: none;\n}\n.dt-shortcode-soc-icons a.single-soc-icon-7ef2341c6f09a3488bee9c75b72d64f0 .soc-font-icon,\n.dt-shortcode-soc-icons a.single-soc-icon-7ef2341c6f09a3488bee9c75b72d64f0 .soc-icon {\n  font-size: 24px;\n}\n<\/style><a title=\"YouTube\" href=\"https:\/\/www.youtube.com\/channel\/UCkVappMIIGAqqD7MXYtQMFA\/featured\"  target=\"_blank\"class=\"you-tube single-soc-icon-7ef2341c6f09a3488bee9c75b72d64f0 dt-icon-bg-off dt-icon-border-on dt-icon-hover-bg-on  \" ><i class=\"soc-icon soc-font-icon dt-icon-you-tube\"><\/i><span class=\"screen-reader-text\">YouTube<\/span><\/a><\/div>[vc_single_image image=\u00a0\u00bb1691&Prime; img_size=\u00a0\u00bbmedium\u00a0\u00bb alignment=\u00a0\u00bbcenter\u00a0\u00bb css=\u00a0\u00bb.vc_custom_1731594436915{margin-bottom: 10px !important;padding-top: 50px !important;}\u00a0\u00bb][\/vc_column][\/vc_row]<\/p>\n","protected":false},"excerpt":{"rendered":"<p>[vc_row full_width=\u00a0\u00bbstretch_row_content_no_spaces\u00a0\u00bb equal_height=\u00a0\u00bbyes\u00a0\u00bb content_placement=\u00a0\u00bbtop\u00a0\u00bb][vc_column width=\u00a0\u00bb1\/2&Prime; css=\u00a0\u00bb.vc_custom_1732093237545{padding-top: 170px !important;padding-right: 50px !important;padding-bottom: 170px !important;padding-left: 50px !important;background-image: url(https:\/\/les-petites-folies.fr\/wp-content\/uploads\/2024\/11\/Disco_Contact.jpg?id=1886) !important;background-position: center !important;background-repeat: no-repeat !important;background-size: cover !important;}\u00a0\u00bb][\/vc_column][vc_column width=\u00a0\u00bb1\/2&Prime; css=\u00a0\u00bb.vc_custom_1620230702162{padding-top: 50px !important;padding-right: 50px !important;padding-bottom: 50px !important;padding-left: 50px !important;background-color: #000000 !important;}\u00a0\u00bb][vc_single_image image=\u00a0\u00bb1691&Prime; img_size=\u00a0\u00bbmedium\u00a0\u00bb alignment=\u00a0\u00bbcenter\u00a0\u00bb css=\u00a0\u00bb.vc_custom_1731594436915{margin-bottom: 10px !important;padding-top: 50px !important;}\u00a0\u00bb][\/vc_column][\/vc_row]<\/p>\n","protected":false},"author":1,"featured_media":0,"parent":0,"menu_order":0,"comment_status":"closed","ping_status":"closed","template":"","meta":[],"_links":{"self":[{"href":"https:\/\/les-petites-folies.fr\/index.php\/wp-json\/wp\/v2\/pages\/159"}],"collection":[{"href":"https:\/\/les-petites-folies.fr\/index.php\/wp-json\/wp\/v2\/pages"}],"about":[{"href":"https:\/\/les-petites-folies.fr\/index.php\/wp-json\/wp\/v2\/types\/page"}],"author":[{"embeddable":true,"href":"https:\/\/les-petites-folies.fr\/index.php\/wp-json\/wp\/v2\/users\/1"}],"replies":[{"embeddable":true,"href":"https:\/\/les-petites-folies.fr\/index.php\/wp-json\/wp\/v2\/comments?post=159"}],"version-history":[{"count":22,"href":"https:\/\/les-petites-folies.fr\/index.php\/wp-json\/wp\/v2\/pages\/159\/revisions"}],"predecessor-version":[{"id":1887,"href":"https:\/\/les-petites-folies.fr\/index.php\/wp-json\/wp\/v2\/pages\/159\/revisions\/1887"}],"wp:attachment":[{"href":"https:\/\/les-petites-folies.fr\/index.php\/wp-json\/wp\/v2\/media?parent=159"}],"curies":[{"name":"wp","href":"https:\/\/api.w.org\/{rel}","templated":true}]}}